n divisor of 663 and i.
51
Let m = -87 + 89. Suppose -8 + m = -2*p. Let x be 8/(p - (-11)/(-4)). Calculate the greatest common divisor of 64 and x.
32
Let s be (58 - 5)/((-5)/(-405)). Calculate the greatest common divisor of s and 162.
81
Let j = -27 + 27. Suppose j = -3*r + 4*f + 191, 2*r + 0*f - f - 119 = 0. Calculate the highest common factor of r and 570.
57
Let x = -51 + 55. Suppose 4*z + 0*h + h = 443, 452 = 4*z + x*h. What is the highest common divisor of z and 11?
11
Let o(b) = 194*b - 670. Let j be o(6). Calculate the highest common factor of j and 52.
26
Let g(h) = h**2 + 6*h - 167. Let j be g(-24). Suppose 2407 = -2*n + 2417. Calculate the greatest common factor of j and n.
5
Let j(u) = 3*u - 41. Let r be j(15). Let d be (15/(-3))/(r/72*-3). Let x = -43 + 118. What is the greatest common divisor of d and x?
15
Let q be ((-1781444)/1281)/((-4)/27). Calculate the highest common factor of 7 and q.
7
Let c(m) = -4*m**3 + 3*m**2 + 13*m + 3. Let d be c(5). Let f = -349 - d. Calculate the greatest common divisor of f and 104.
8
Let y(d) = 29*d - 2. Let p be y(2). Let g = 1654 - 1619. What is the greatest common divisor of g and p?
7
Let a = -18 - -170. Suppose 4*n + a = 4*r, 4*n - 145 = -4*r - 33. Let u = 56 + -53. Calculate the greatest common divisor of r and u.
3
Let k(s) = -2*s**2 - 5*s + 19. Let j be k(0). Suppose -j + 5 = -y. Calculate the highest common factor of y and 98.
14
Let b = 83 - 83. Suppose -3*d - 2*d - 20 = -2*r, 3*r + 3*d - 51 = b. Suppose -r = -3*c - 6. What is the highest common divisor of c and 3?
3
Suppose -3356 = -2010*y + 6694. Let z = -90 - -205. What is the highest common divisor of z and y?
5
Suppose -1199 - 361 = -8*x + 136. What is the highest common factor of x and 16?
4
Let d be (20/(-6))/(40/(-60)). Let n be (16/(-7))/(d/(-70)). What is the greatest common divisor of 8 and n?
8
Let i(y) = 38*y**2 - 2*y + 2. Let w be i(4). Suppose 36 = -157*r + 161*r, -5*k - 5*r + 115 = 0. What is the highest common factor of k and w?
14
Let k = 6476 + -6467. Calculate the highest common divisor of k and 6651.
9
Suppose 3*h - 80 = -854. Let o = -105 - h. Suppose 8*x = -x + o. What is the highest common factor of x and 85?
17
Let r(z) = z**3 + 10*z**2 + 8*z + 77. Let k be r(-10). Let g be 6460/200 + k/10. Calculate the highest common factor of 144 and g.
16
Let y be (14 - -1)/(-3) + -3 + 8744. Suppose 22*s + 17*s = y. What is the highest common divisor of s and 7?
7
Let h be (-4)/(-1) - ((2 - 1) + -2). Suppose -h*l - 360 = -1080. Calculate the greatest common divisor of l and 8.
8
Suppose -5*o = p - 6, 4*o + 3*p - 16 = 5*p. Suppose -2*k + 3012 = u, o*u + 3 - 11 = 0. What is the greatest common divisor of k and 94?
94
Suppose 114*k = 48*k + 5280. Let c be 11 - ((-16)/4)/(-4). Let h be 2/c + 245/25. What is the highest common factor of k and h?
10
Let m be -3*5/1 + (-1399 - -1678). Let u(q) = q**3 + 7*q**2 + 2*q. Let w be u(-6). Calculate the highest common factor of m and w.
24
Let a be (0 - 15)/(6 + (-424575)/70754). Calculate the greatest common factor of a and 10.
10
Let z(m) = -3*m**3 - 3*m**2 + m + 3. Let p be z(-1). Suppose -p*k = -19*k + 10540. Calculate the greatest common divisor of k and 20.
20
Let w = 20 - 15. Suppose 3*t + 5*c - 3*c = -w, -4*t + c + 8 = 0. Let p be (t - -89)*(-36)/(-27). Calculate the greatest common divisor of p and 48.
24
Let h = -184 + 505. Let c = h + -219. What is the highest common factor of 68 and c?
34
Suppose 3*s - 10*f = -7*f + 273, 328 = 4*s + 5*f. What is the greatest common factor of s and 2842?
29
Suppose 230*w = 269*w - 2223. What is the greatest common divisor of 247 and w?
19
Let z be (-9225)/18*-26 + 0/1 + -5. What is the greatest common factor of 74 and z?
74
Let f be (((-48)/(-384))/((-1)/(-4)))/((-1)/(-426)). What is the greatest common factor of f and 33?
3
Let l = 12 + -8. Suppose 11 + l = 5*h. Let f be -1 - -2 - -5*(-7)/(-35). What is the highest common factor of f and h?
1
Suppose -918 = -98*v + 1042. What is the highest common divisor of v and 220?
20
Suppose o = -4*o - 5*i + 205, -5*o - i + 209 = 0. Suppose 2*j + 4*j - o = 0. Calculate the greatest common factor of j and 133.
7
Suppose -2950 = 9*t - 11*t - 5*k, -2*t + 3*k + 2902 = 0. Calculate the greatest common divisor of t and 20.
20
Let y be ((-362)/(-905))/((-4)/16 + 82/320). Calculate the greatest common factor of y and 12704.
32
Suppose 140 = 12*p - 10*p. Let v be p/9 - (-20)/90. Suppose 2*f - 4*m = -6, 23*m = -f + 18*m + 11. What is the greatest common factor of f and v?
1
Let h be 15*14/(-21)*(-450)/12. What is the highest common factor of h and 1375?
125
Suppose -17*x - 3*m = -15*x - 3599, -5*m - 1741 = -x. Calculate the greatest common factor of 228 and x.
38
Let f(k) = -k**3 + 6*k**2 + 7*k + 7. Let n be f(6). Let d(t) = 7*t**2 + 1736*t - 19915. Let j be d(-259). Calculate the greatest common factor of n and j.
7
Suppose -m = 15*n - 10*n - 424, -5*n + 3*m = -408. Calculate the greatest common factor of 98 and n.
14
Let r = 21555 - 21506. Let c = 21 + -14. What is the highest common factor of c and r?
7
Suppose 214*x = 210*x - l + 186351, 0 = 4*x + 3*l - 186349. What is the highest common factor of x and 76?
76
Let d = -20901 + 20914. Calculate the greatest common factor of 4537 and d.
13
Let i(u) = 1564*u + 9444. Let f be i(-6). What is the greatest common factor of f and 9060?
60
Let b = 101 - 118. Let l = b - -19. Suppose 14*s - l*s - 864 = 0. Calculate the greatest common divisor of s and 18.
18
Suppose 4*w + 20 = 5*t, 3*t - 2*t - 5*w = 25. Suppose -2*j - j + 2*i = -149, 4*j + 5*i - 191 = t. What is the highest common factor of 14 and j?
7
Let k = 4149 - 2424. What is the highest common factor of k and 225?
75
Let h be (-19 + 420/(-45))*(-6)/5. Calculate the highest common factor of h and 1258.
34
Suppose 0*q - q = -26. Suppose 7*c + 970 + 955 = 0. Let f = -171 - c. What is the highest common factor of f and q?
26
Let w = 12106 + -11872. Calculate the highest common factor of 1586 and w.
26
Let a(v) = v**3 + 846. Let u be a(0). Suppose -5*y - 1440 = -5*q, 3*q - 8*y - u = -11*y. What is the greatest common divisor of 190 and q?
95
Let y = 17626 + -17362. What is the greatest common factor of y and 2816?
88
Let s = -441 + 753. Let j = -228 + s. Calculate the greatest common factor of j and 96.
12
Let t(z) = 3*z**2 - 14*z + 20. Let n be t(3). Suppose -22 + 121 = l - 2*r, -l + 90 = -n*r. What is the greatest common divisor of l and 7?
7
Let t = 149 + -145. Suppose 29 + t = 11*p. Let a be 2/(-4)*2 + 4. Calculate the highest common divisor of a and p.
3
Let i be 1/(-4) + (-2)/(-8). Suppose -2*x - 3*k = -48, i*x + 48 = 2*x - 2*k. What is the highest common factor of x and 6?
6
Suppose 59*v = 132*v - 57*v - 176. What is the greatest common factor of v and 15499?
11
Let s(v) = -v**3 - 5*v**2 + 25*v + 6. Let k be s(3). What is the highest common factor of k and 1788?
3
Suppose 6*z + 28 = 10*z. Suppose 2*f + 5*p - 310 = 0, -z*p + 4*p = -3*f + 465. What is the highest common divisor of f and 31?
31
Let l be ((-16)/(-6))/(3/234). Let y(t) = t**3 - 73*t**2 - 10659*t + 178. Let p be y(146). What is the highest common divisor of l and p?
16
Suppose 65 - 9 = 2*j - 2*t, 137 = 5*j - 4*t. What is the highest common factor of j and 32?
1
Suppose 6*d = 2*d + 168. Let j be (-14)/(-35) - (-1 + 324/(-15)). Let l = j - -5. Calculate the greatest common factor of l and d.
14
Let t(q) = -2*q**3 - 24*q**2 + 2*q + 28. Suppose 96 = -7*m - m. Let x be t(m). Suppose 0 = -9*w + x*w + 805. Calculate the highest common factor of w and 23.
23
Suppose 6*h + 65968 = 11*h + 57*h. Calculate the greatest common factor of h and 171.
19
Let d be (-11)/(132/9)*(1 - 13). Suppose -d*w + 8*w = -207. Suppose 2*v - 49 = n, -2*n - 2 = 4. Calculate the greatest common factor of v and w.
23
Let q = 312 + -227. Suppose 7*g - 20 - 15 = 0. What is the highest common divisor of g and q?
5
Suppose -4*z = -2*b + 5 + 1, b = 5. Let c be z*(-1)/1*0. Suppose c*d + 72 = 6*d. What is the greatest common factor of 30 and d?
6
Let o = 12 - 16. Let u(p) = -9*p + 29. Let v be u(o). Suppose v = -2*c + 137. What is the greatest common divisor of c and 24?
12
Let v be (-3)/5*-1*20. Let b = -186 + -492. Let j be 2/(-4) - b/v. What is the greatest common factor of j and 7?
7
